t common factor of 2599 and 204643?
113
Calculate the highest common divisor of 809788 and 84.
28
Calculate the greatest common divisor of 311 and 466189.
311
Calculate the highest common divisor of 901 and 85.
17
What is the highest common factor of 527 and 544391?
527
What is the greatest common divisor of 56322 and 693?
63
Calculate the highest common factor of 87096 and 12426.
114
What is the greatest common factor of 445 and 765?
5
Calculate the highest common divisor of 13288 and 319.
11
What is the highest common factor of 850 and 1900?
50
What is the greatest common divisor of 92 and 44068?
92
What is the highest common factor of 11344 and 48?
16
Calculate the greatest common divisor of 581488 and 32.
16
Calculate the highest common divisor of 10982 and 238.
34
What is the highest common divisor of 1078 and 31526?
22
What is the highest common factor of 3486592 and 192?
64
Calculate the greatest common factor of 1816 and 4696.
8
What is the greatest common divisor of 84 and 1072908?
12
Calculate the highest common divisor of 75 and 1914.
3
Calculate the highest common divisor of 5337 and 99.
9
Calculate the highest common factor of 41 and 1271.
41
Calculate the highest common divisor of 47852 and 1064.
28
Calculate the greatest common factor of 9 and 177702.
3
What is the greatest common factor of 39183 and 363?
3
What is the highest common factor of 13237 and 93?
31
Calculate the highest common divisor of 150 and 32244.
6
Calculate the highest common divisor of 540 and 211788.
108
What is the highest common divisor of 100486 and 1128?
94
What is the highest common factor of 38855 and 40?
5
What is the highest common divisor of 97 and 59655?
97
Calculate the greatest common divisor of 192 and 116784.
48
Calculate the greatest common divisor of 3297 and 1092.
21
Calculate the greatest common factor of 37616 and 1072.
16
What is the greatest common factor of 44 and 276298?
22
What is the greatest common factor of 36202 and 322?
46
Calculate the highest common factor of 4 and 513684.
4
What is the greatest common divisor of 62020 and 980?
140
What is the greatest common factor of 57428 and 8?
4
Calculate the highest common divisor of 10036 and 1066.
26
Calculate the highest common factor of 384 and 12648.
24
Calculate the greatest common divisor of 8734 and 46.
2
Calculate the highest common factor of 270 and 22710.
30
Calculate the highest common divisor of 35 and 745495.
5
What is the greatest common divisor of 4777 and 850?
17
What is the highest common divisor of 945 and 158445?
315
Calculate the greatest common divisor of 455 and 46319.
91
What is the greatest common factor of 948 and 2836653?
237
What is the greatest common divisor of 19836 and 755421?
1653
Calculate the highest common factor of 8468 and 3364.
116
What is the greatest common divisor of 1095 and 795?
15
Calculate the greatest common divisor of 37 and 2671.
1
What is the highest common divisor of 96253 and 1111?
101
Calculate the highest common divisor of 5423 and 20706.
493
What is the highest common factor of 3 and 5469?
3
What is the greatest common divisor of 100711 and 3965?
793
What is the greatest common divisor of 964320 and 160?
160
Calculate the highest common divisor of 460 and 21260.
20
What is the highest common divisor of 107396 and 4?
4
Calculate the greatest common factor of 31150 and 98.
14
Calculate the highest common factor of 1481 and 64.
1
Calculate the greatest common factor of 191322 and 45.
9
Calculate the greatest common divisor of 46860 and 2485.
355
Calculate the greatest common factor of 4717 and 39432.
53
What is the highest common factor of 1387 and 247?
19
Calculate the greatest common divisor of 134772 and 660.
132
What is the greatest common factor of 1562 and 594?
22
Calculate the greatest common factor of 36 and 671928.
12
Calculate the highest common factor of 15456 and 235221.
483
What is the highest common divisor of 1384290 and 405?
405
Calculate the greatest common divisor of 7 and 17329.
1
What is the highest common factor of 3378 and 3635854?
1126
Calculate the greatest common divisor of 5894 and 14.
14
Calculate the highest common divisor of 29078 and 402.
134
Calculate the greatest common factor of 138 and 198.
6
Calculate the greatest common factor of 112 and 217224.
56
Calculate the greatest common factor of 46585 and 275.
55
Calculate the greatest common divisor of 2474780 and 385.
385
What is the greatest common factor of 10 and 852370?
10
Calculate the greatest common divisor of 35855 and 1111.
101
What is the greatest common factor of 613230 and 840?
30
What is the greatest common factor of 1858 and 19?
1
What is the greatest common divisor of 2288 and 648?
8
Calculate the highest common factor of 168436 and 34.
34
Calculate the highest common divisor of 55 and 3030.
5
What is the highest common factor of 1403 and 713?
23
Calculate the greatest common divisor of 10933 and 52.
13
What is the highest common divisor of 142 and 2278887?
71
Calculate the highest common divisor of 764994 and 236.
118
Calculate the greatest common divisor of 724375 and 8125.
625
What is the greatest common factor of 11950 and 232?
2
Calculate the highest common factor of 20264 and 1088.
136
Calculate the highest common divisor of 23901 and 186.
93
What is the highest common factor of 4278382 and 76?
38
Calculate the greatest common divisor of 3664 and 32518.
458
What is the highest common divisor of 2404857 and 161?
161
Calculate the greatest common divisor of 1200 and 51300.
300
Calculate the highest common divisor of 800635 and 220.
55
Calculate the highest common divisor of 54 and 1566.
54
Calculate the highest common divisor of 5434 and 13338.
494
What is the highest common factor of 34 and 146200?
34
Calculate the greatest common divisor of 25125 and 420.
15
What is the greatest common factor of 11 and 702339?
11
Calculate the greatest common divisor of 271264 and 160.
32
What is the greatest common factor of 274386 and 1668?
834
What is the highest common divisor of 102762 and 3894?
66
What is the highest common divisor of 12470 and 1720?
430
What is the greatest common divisor of 3934 and 1076792?
562
Calculate the highest common divisor of 11 and 224334.
11
Calculate the highest common divisor of 13919 and 449.
449
What is the greatest common divisor of 1057587 and 3495?
699
Calculate the greatest common divisor of 4 and 649408.
4
Calculate the highest common divisor of 23272 and 44.
4
Calculate the highest common divisor of 2223488 and 5990.
1198
Calculate the greatest common divisor of 231 and 1741971.
231
What is the highest common divisor of 206631 and 405?
81
What is the highest common divisor of 6145 and 2875?
5
What is the highest common divisor of 385 and 118811?
77
What is the highest common divisor of 5 and 154855?
5
Calculate the greatest common divisor of 75608 and 15808.
104
What is the highest common divisor of 162 and 298971?
81
What is the highest common factor of 1007 and 1720963?
1007
Calculate the highest common divisor of 303601 and 10933.
841
What is the greatest common divisor of 60046 and 1134?
14
Calculate the greatest common factor of 198516 and 10252.
932
Calculate the highest common factor of 787232 and 584.
584
What is the greatest common divisor of 16767 and 483?
69
What is the highest common factor of 22784 and 34?
2
What is the greatest common divisor of 384 and 438?
6
Calculate the highest common divisor of 3 and 57237.
3
Calculate the highest common divisor of 8608 and 1112.
8
Calculate the greatest common factor of 188 and 131741.
47
Calculate the greatest common divisor of 25045 and 80.
5
Calculate the highest common divisor of 1344602 and 154.
14
Calculate the highest common factor of 189 and 681807.
21
What is the highest common divisor of 57 and 2481?
3
What is the greatest common divisor of 7046 and 104?
26
Calculate the highest common factor of 238732 and 52.
52
Calculate the greatest common factor of 350342 and 118.
118
What is the highest common factor of 15128 and 930128?
488
Calculate the greatest common factor of 250 and 668500.
250
Calculate the highest common factor of 494 and 7202.
26
What is the highest common divisor of 53946 and 414918?
666
What is the greatest common factor of 7